
Suppose 0 = 106*p - 93*p - 299. What is the highest common factor of 115 and p?
23
Suppose 0 = 4*b - 89 - 55. What is the highest common factor of b and 12?
12
Let n(s) = 4*s - 18. Let a be n(6). Let j be 1/a + 172/(-24). Let q be (j - -3) + 64/4. Calculate the highest common divisor of 18 and q.
6
Let p be (24/14)/((-86)/(-301)). What is the highest common divisor of p and 174?
6
Suppose -w = -5 + 64. Let u = -9 - w. Suppose u = 16*d - 15*d. Calculate the highest common divisor of 25 and d.
25
Let o be (36/15)/(4/70). Suppose -11*b + 14*b - o = 0. Calculate the highest common divisor of 56 and b.
14
Suppose 13*u + 60 = 15*u. Let f = -38 - -104. Suppose 2*s = 4*p - f, 0*p = p - 3*s - 24. What is the highest common factor of u and p?
15
Suppose 84*j + 12 = 88*j, 3*a - 4344 = 4*j. Calculate the highest common divisor of 12 and a.
12
Let s(l) = l**2 + 7*l - 5. Let m be s(-8). Let t(z) = 3*z - 6. Let k be t(3). What is the greatest common divisor of k and m?
3
Let q = 76 + -73. Suppose -4*l + 2*r + 30 = 0, q*r = 3*l + 8*r - 42. Calculate the greatest common divisor of 99 and l.
9
Let u = -1378 - -1383. Calculate the highest common divisor of 2 and u.
1
Suppose 3*o = 6*o - 9. Suppose o*k = -4*k + 14. What is the greatest common divisor of 5 and k?
1
Let g(o) be the second derivative of 11*o**3/6 + 5*o**2/2 + 19*o. Let d be g(1). What is the highest common divisor of d and 16?
16
Let h(p) = -p + 6. Let j be h(6). Suppose -2*x + 3*x - 30 = j. Suppose -6*q + 2*q = -300. What is the greatest common factor of q and x?
15
Let x be 3 + -7*(0 - 31). Suppose -j = 4*j - 3*f - 563, 0 = 2*j + 4*f - x. What is the highest common divisor of j and 14?
14
Suppose -3*k - 5*l = -33, l + l + 86 = 5*k. Suppose 0 = -6*c + 82 - k. Suppose -c*i = -7*i - 12. Calculate the greatest common factor of i and 12.
3
Let u(w) = -6*w**2 - 9*w - 43. Let h be u(-5). Let z = 246 + h. Calculate the highest common divisor of 42 and z.
14
Let h = 151 - 73. What is the highest common divisor of 6 and h?
6
Let v(f) = -26*f + 269. Let y be v(9). Calculate the greatest common factor of y and 7.
7
Let u be ((-2024)/10)/(4*(-9)/180). What is the greatest common factor of u and 92?
92
Let r = -10 + -1. Let x = -14 - r. Let l be (2 + 1 - -56) + x. Calculate the greatest common factor of 7 and l.
7
Let w = -3603 + 3621. Suppose 5*o + 3*q - 720 = 0, -4*o + 6*o + 2*q = 288. Calculate the highest common factor of o and w.
18
Let k be 3 - ((1 + 4)/5 - 12). What is the highest common divisor of k and 77?
7
Let h = 19 + 10. Let v = -24 + h. Calculate the highest common factor of v and 40.
5
Let d = -20 - -156. Calculate the highest common factor of d and 24.
8
Suppose 0 = 2*u - 3*z + 51, 0*u - z = 2*u + 31. Let j be 17/(-3) - (-6)/u. Let m be 3/18*-4*j. Calculate the highest common factor of 28 and m.
4
Let n(x) = x**3 - 3*x**2 + x + 4. Let f be ((-6)/(-8))/(1/4). Let t be n(f). Let g = 1697 - 1648. What is the highest common factor of g and t?
7
Let i(c) = c**3 + 8*c**2 - 12*c - 13. Let l be i(-9). Let j = 15 + -1. What is the highest common factor of j and l?
14
Let h be (2 - (-76)/24) + 4/(-24). Let m = 7 - 5. Suppose 1 = m*j - 3*f, 0 = -3*j + h*j + f - 21. What is the greatest common factor of j and 1?
1
Let d = -598 + 668. What is the greatest common divisor of 42 and d?
14
Let k be -3*2/(-36) + 3777/18. What is the greatest common factor of 60 and k?
30
Let i be (-245)/1*(0 + 1). Let v = -164 - i. Let k = -49 + v. What is the highest common divisor of 8 and k?
8
Suppose -5*g = -5*z - 925, 15*z = 11*z + 8. Suppose 0*q + 2*q + 3*u - 43 = 0, 4*q - 53 = 5*u. What is the greatest common factor of q and g?
17
Suppose -2*t = -21 + 3. Let r be (-12)/9*t/6. Let v be (-39)/6*1*r. What is the highest common factor of v and 13?
13
Let c be 10/(-25) - 51/(-15). Suppose 4*f - 20 = 0, 0 = 2*x + f - c*f + 4. Let d = -7 + 31. Calculate the greatest common factor of x and d.
3
Suppose 277 = 39*u - 971. What is the greatest common factor of u and 48?
16
Suppose 2*p + 16 = 4*r, -p + 2*r + 20 = 7*r. Suppose p = -l - l + 28. Calculate the highest common factor of l and 154.
14
Suppose -3*o + 2*n - 1 = -3*n, o + 3*n = 23. Let i = 371 + -545. Let l = i + 230. What is the greatest common factor of o and l?
8
Let k be -1 + ((-4)/34 - 59297/(-731)). Let g be (-6)/(-3)*10*1. What is the greatest common divisor of k and g?
20
Let t = -47 - -80. Let g(h) = h**2 - 9*h - 10. Let c be g(11). Let d = t + c. Calculate the highest common factor of 15 and d.
15
Let o(p) = -p**3 - 11*p**2 - 9*p + 37. Let y be o(-11). What is the greatest common divisor of 8 and y?
8
Suppose -4 = 4*i, 13*i = -z + 10*i + 7. Calculate the highest common factor of z and 68.
2
Suppose -4*u + 16 = 4*a, 3*a + 3*u = -u + 16. Suppose 2*m = -c + 308, -3*m + 6*c - 2*c + 462 = a. Calculate the greatest common factor of 14 and m.
14
Let w = -169 - -178. Let g(j) = -3*j - 9. Let s(h) = -1. Let l(i) = -g(i) + 3*s(i). Let b be l(w). Calculate the greatest common factor of 3 and b.
3
Suppose 3*w - 5*o - 153 = 0, w + o - 2*o - 51 = 0. What is the greatest common factor of w and 3?
3
Suppose -2*i + 11 = -1. Let n be (-12360)/(-18) + i/(-9). Suppose -194 = -5*p + n. Calculate the highest common divisor of 16 and p.
16
Let n be (70/4)/((-4)/(-8)). Suppose 0 = d + 2 + 16. Let i = d + n. Calculate the highest common divisor of 119 and i.
17
Let w = -188 + 214. What is the greatest common factor of w and 650?
26
Suppose 3*a - 6 = a, 3*p - 4*a = 60. Let t be 2149/14 + (-25)/(-10). Calculate the greatest common divisor of p and t.
12
Suppose -1120 = 49*u - 57*u. What is the greatest common divisor of u and 30?
10
Suppose 6*d = -96 + 24. Let o be d/8 + (-166)/(-4). Calculate the highest common divisor of o and 8.
8
Suppose 2*k = 4*k - 2*n - 44, -4*k - 2*n = -88. Let j = k + 3. Suppose j - 400 = -3*m. What is the greatest common divisor of m and 50?
25
Let i(v) = v**3 - 21*v**2 + 3*v + 28. Let q(a) = 6*a**2 - 4*a + 5. Let l be q(2). Let s be i(l). What is the highest common divisor of s and 13?
13
Let g be -2*((-6)/(-4))/(-3). Let w = -47 + 54. What is the greatest common divisor of w and g?
1
Let f be (-60)/(-9) + (-2)/3. Suppose 4*b - 7 = v, v - f - 23 = -5*b. What is the highest common factor of v and 27?
9
Suppose 4*q - 12 = 2*z, -6 = -4*z + 3*q - 20. Let x = z + 20. Let a(l) = 12*l - 132. Let t be a(12). Calculate the greatest common divisor of x and t.
6
Suppose 3*b - 4*m = m + 40, -b = 3*m - 32. Let a(i) = -i**3 + 6*i**2 + 8*i - 3. Let n be a(7). Calculate the greatest common divisor of n and b.
4
Let y = -108 - -165. Let c be 2 - (2*-26 + 1). Suppose 0 = -3*j + c + 4. Calculate the highest common divisor of j and y.
19
Let v = 41 - 39. Suppose 0 = -v*x - 10, -z + 5*z = 3*x + 399. Calculate the greatest common factor of z and 24.
24
Let g(q) = -4*q**3 - 27*q**2 + 18*q + 108. Let o be g(-7). What is the greatest common divisor of o and 3968?
31
Let g be -1 + -6 - (-431 + 4). What is the highest common factor of 100 and g?
20
Let p be (-2)/(-15) + ((-2060)/(-150))/2. What is the greatest common divisor of p and 189?
7
Suppose -42 = 3*u - 288. Suppose -3*r + u = -2*r. Let m be r/8 - 21/(-28). What is the greatest common factor of 99 and m?
11
Let o be 1 + 4 - (-1 + (-29 - 5)). What is the highest common factor of 30 and o?
10
Let n be ((-3)/2)/(2/(-4)). Suppose -197 = -n*h - 29. Calculate the highest common factor of 140 and h.
28
Let g(x) = -x**2 - 3*x + 60. Let i be g(0). Let m = 65 - i. What is the greatest common factor of 1 and m?
1
Let r = 29 - 7. Let w = -4 + r. Let j(o) = 36*o. Let k be j(4). Calculate the highest common factor of w and k.
18
Let h(c) = -c**2 + 9*c + 16. Let u be h(9). Let g be 3 + (2/6)/(9/351). Calculate the greatest common factor of g and u.
16
Suppose 3*u = 3*u + 3*u. Suppose u = 4*f + 3*q - 21, 3 = -2*f - 0*q + 3*q. Calculate the highest common divisor of 21 and f.
3
Let s = 5 + -3. Suppose -s*d + 190 = -d. Let t(z) = z**3 + 17*z**2 + 16*z + 38. Let j be t(-16). What is the greatest common divisor of d and j?
38
Let r(w) = -w**2 - 12*w + 15. Let x be r(-11). Calculate the greatest common factor of 1846 and x.
26
Suppose 2955 = 3*w - 5*k, 0 = -2*w + 35*k - 40*k + 1945. Calculate the highest common factor of 10 and w.
10
Suppose 0 = w + f 